{"id":3,"date":"2024-04-30T14:25:34","date_gmt":"2024-04-30T14:25:34","guid":{"rendered":"http:\/\/montedasruivinhas.com\/?page_id=3"},"modified":"2024-10-09T15:29:51","modified_gmt":"2024-10-09T15:29:51","slug":"politica-de-privacidade","status":"publish","type":"page","link":"https:\/\/montedasruivinhas.com\/index.php\/politica-de-privacidade\/","title":{"rendered":"Pol\u00edtica de Privacidade"},"content":{"rendered":"<section class=\"l-section wpb_row height_custom\"><div class=\"l-section-h i-cf\"><div class=\"g-cols vc_row via_grid cols_1 laptops-cols_inherit tablets-cols_inherit mobiles-cols_1 valign_top type_default stacking_default\"><div class=\"wpb_column vc_column_container\"><div class=\"vc_column-inner\"><div class=\"wpb_text_column\"><div class=\"wpb_wrapper\"><h1>Pol\u00edtica de Privacidade<\/h1>\n<\/div><\/div><div class=\"w-separator size_medium\"><\/div><div class=\"wpb_text_column\"><div class=\"wpb_wrapper\"><p><b>\u00daltima atualiza\u00e7\u00e3o em 09-Out-2024<\/b><br \/><b>Data efectiva 09-Out-2024<\/b><\/p>\n<p>Esta Pol\u00edtica de Privacidade descreve as pol\u00edticas do Monte das Ruivinhas, Monte do Tio Pedro, 683 Malarranha, Pavia 7490 &#8211; 406, Portugal, email: mail@geocontrole.com, telefone: 351 967 073 517 sobre a recolha, utiliza\u00e7\u00e3o e divulga\u00e7\u00e3o das suas informa\u00e7\u00f5es que recolhemos quando utiliza o nosso website ( https:\/\/montedasruivinhas.com ). (o \u201cServi\u00e7o\u201d). Ao aceder ou utilizar o Servi\u00e7o, est\u00e1 a consentir na recolha, utiliza\u00e7\u00e3o e divulga\u00e7\u00e3o das suas informa\u00e7\u00f5es de acordo com esta Pol\u00edtica de Privacidade. Se n\u00e3o concordar com o mesmo, por favor n\u00e3o aceda ou utilize o Servi\u00e7o.<\/p>\n<p>Podemos modificar esta Pol\u00edtica de Privacidade em qualquer altura sem qualquer aviso pr\u00e9vio e colocar a Pol\u00edtica de Privacidade revista no Servi\u00e7o. A Pol\u00edtica revista entrar\u00e1 em vigor 180 dias ap\u00f3s a publica\u00e7\u00e3o da Pol\u00edtica revista no Servi\u00e7o e o seu acesso ou utiliza\u00e7\u00e3o continuada do Servi\u00e7o ap\u00f3s esse per\u00edodo constituir\u00e1 a sua aceita\u00e7\u00e3o da Pol\u00edtica de Privacidade revista. Por conseguinte, recomendamos que reveja periodicamente esta p\u00e1gina.<\/p>\n<p><b>Os seus direitos: <\/b>Dependendo da lei aplic\u00e1vel, pode ter o direito de aceder e retificar ou apagar os seus dados pessoais ou receber uma c\u00f3pia dos seus dados pessoais, restringir ou opor-se ao processamento ativo dos seus dados, pedir-nos para partilhar (portar) as suas informa\u00e7\u00f5es pessoais com outra entidade, retirar qualquer consentimento que nos tenha dado para processar os seus dados, o direito de apresentar uma queixa junto de uma autoridade estatut\u00e1ria e outros direitos que possam ser relevantes ao abrigo da legisla\u00e7\u00e3o aplic\u00e1vel. Para exercer estes direitos, pode escrever-nos para mail@geocontrole.com. Tenha em aten\u00e7\u00e3o que, se n\u00e3o nos permitir recolher ou processar as informa\u00e7\u00f5es pessoais necess\u00e1rias ou retirar o consentimento para o processamento das mesmas para os fins exigidos, poder\u00e1 n\u00e3o conseguir aceder ou utilizar os servi\u00e7os para os quais as suas informa\u00e7\u00f5es foram solicitadas.<\/p>\n<ol>\n<li><b>Cookies, etc.: <\/b>Para saber mais sobre a forma como os utilizamos e as suas escolhas em rela\u00e7\u00e3o a estas tecnologias de rastreio, consulte a nossa <a href=\"https:\/\/montedasruivinhas.com\/index.php\/politica-de-cookies\/\">Pol\u00edtica de Cookies.<\/a><\/li>\n<li><b>Seguran\u00e7a: <\/b>A seguran\u00e7a das suas informa\u00e7\u00f5es \u00e9 importante para n\u00f3s e utilizaremos medidas de seguran\u00e7a razo\u00e1veis para evitar a perda, utiliza\u00e7\u00e3o indevida ou altera\u00e7\u00e3o n\u00e3o autorizada das suas informa\u00e7\u00f5es sob o nosso controlo. No entanto, dados os riscos inerentes, n\u00e3o podemos garantir uma seguran\u00e7a absoluta e, consequentemente, n\u00e3o podemos assegurar ou garantir a seguran\u00e7a de qualquer informa\u00e7\u00e3o que nos transmita e f\u00e1-lo-\u00e1 por sua conta e risco.<\/li>\n<li><b>Respons\u00e1vel pelas Reclama\u00e7\u00f5es \/ Prote\u00e7\u00e3o de Dados: <\/b>Se tiver alguma d\u00favida ou preocupa\u00e7\u00e3o sobre o processamento das suas informa\u00e7\u00f5es que est\u00e3o dispon\u00edveis connosco, pode enviar um e-mail para o nosso Respons\u00e1vel pelas Reclama\u00e7\u00f5es no Monte das Ruivinhas, Monte do Tio Pedro, 683 Malarranha, e-mail: mail@geocontrole.com. Trataremos das suas preocupa\u00e7\u00f5es de acordo com a legisla\u00e7\u00e3o aplic\u00e1vel.<\/li>\n<\/ol>\n<p>Pol\u00edtica de Privacidade criada com <a href=\"https:\/\/www.cookieyes.com\/?utm_source=PP&amp;utm_medium=footer&amp;utm_campaign=UW\" target=\"_blank\" rel=\"noopener\">CookieYes<\/a>.<\/p>\n<\/div><\/div><\/div><\/div><\/div><\/div><\/section>\n","protected":false},"excerpt":{"rendered":"","protected":false},"author":1,"featured_media":0,"parent":0,"menu_order":0,"comment_status":"closed","ping_status":"closed","template":"","meta":{"rank_math_lock_modified_date":false,"footnotes":""},"class_list":["post-3","page","type-page","status-publish","hentry"],"_links":{"self":[{"href":"https:\/\/montedasruivinhas.com\/index.php\/wp-json\/wp\/v2\/pages\/3","targetHints":{"allow":["GET"]}}],"collection":[{"href":"https:\/\/montedasruivinhas.com\/index.php\/wp-json\/wp\/v2\/pages"}],"about":[{"href":"https:\/\/montedasruivinhas.com\/index.php\/wp-json\/wp\/v2\/types\/page"}],"author":[{"embeddable":true,"href":"https:\/\/montedasruivinhas.com\/index.php\/wp-json\/wp\/v2\/users\/1"}],"replies":[{"embeddable":true,"href":"https:\/\/montedasruivinhas.com\/index.php\/wp-json\/wp\/v2\/comments?post=3"}],"version-history":[{"count":4,"href":"https:\/\/montedasruivinhas.com\/index.php\/wp-json\/wp\/v2\/pages\/3\/revisions"}],"predecessor-version":[{"id":158,"href":"https:\/\/montedasruivinhas.com\/index.php\/wp-json\/wp\/v2\/pages\/3\/revisions\/158"}],"wp:attachment":[{"href":"https:\/\/montedasruivinhas.com\/index.php\/wp-json\/wp\/v2\/media?parent=3"}],"curies":[{"name":"wp","href":"https:\/\/api.w.org\/{rel}","templated":true}]}}